n base 14, what is -85 - 1d6dd6?
-1d707b
In base 10, what is 678497 - -525?
679022
In base 7, what is 0 - -1104240040?
1104240040
In base 15, what is -e05 - -650?
-7a5
In base 6, what is -131 + -24542035?
-24542210
In base 12, what is -51b9967 + -2?
-51b9969
In base 4, what is -100030102020 - 0?
-100030102020
In base 14, what is 3 - b506566?
-b506563
In base 9, what is 8286571 + 64?
8286645
In base 15, what is -12ebe + 33?
-12e8b
In base 14, what is 4d1d - -267?
5186
In base 5, what is -300 - -133314004?
133313204
In base 3, what is -12001 + -100022220200?
-100100002201
In base 10, what is -272748 + 235?
-272513
In base 10, what is 3294489 - -7?
3294496
In base 5, what is -3110120 + 2134?
-3102431
In base 16, what is 3c - -46451?
4648d
In base 7, what is -6131435 - -30?
-6131405
In base 14, what is 1c0a4 - 1619?
1a889
In base 7, what is 5 + -3221156602?
-3221156564
In base 2, what is -11000000 + 1001111101011001001000?
1001111101010110001000
In base 16, what is -209fda9 - 7?
-209fdb0
In base 8, what is -2477 + -3522200?
-3524677
In base 8, what is 66 + -2064546?
-2064460
In base 8, what is 17270 - 14545?
2523
In base 14, what is -82c6a4 + -6?
-82c6aa
In base 11, what is 1 + 3101134?
3101135
In base 9, what is -5623457 + -24?
-5623482
In base 12, what is 0 + -1031867?
-1031867
In base 16, what is 0 + -290a7f?
-290a7f
In base 11, what is 69839 - 179?
69670
In base 10, what is 209 - -6401?
6610
In base 15, what is -4 - 8493cc2?
-8493cc6
In base 2, what is -11100110110101101111 - 100?
-11100110110101110011
In base 3, what is 12 - -21010020020002100?
21010020020002112
In base 9, what is 20335200 - 13?
20335176
In base 2, what is -1010 + 10001001010011101101?
10001001010011100011
In base 7, what is 112251423 - 126?
112251264
In base 4, what is 10 + 23321120?
23321130
In base 7, what is -162 - -3165016?
3164524
In base 7, what is 0 + -22023121?
-22023121
In base 15, what is -2 + d6db15?
d6db13
In base 16, what is 27a5acd - 0?
27a5acd
In base 16, what is -1939833 + -5?
-1939838
In base 2, what is 11 - -1011100000011111010100100010?
1011100000011111010100100101
In base 8, what is -76512 - 21744?
-120456
In base 5, what is 1 - -12141044242?
12141044243
In base 13, what is 0 + c970032?
c970032
In base 5, what is -4 + -1004400341?
-1004400400
In base 11, what is 47851 + 40a2?
50943
In base 9, what is -1326721 + -518?
-1327340
In base 14, what is 0 + -1737285?
-1737285
In base 9, what is -11 - 2522707?
-2522718
In base 4, what is -1320 - -10020320331?
10020313011
In base 4, what is 10213022312 + 10200?
10213033112
In base 10, what is 3827601 + 389?
3827990
In base 5, what is 22 + 244141423?
244142000
In base 8, what is 57340221 - 43?
57340156
In base 16, what is eb45 + 2707?
1124c
In base 3, what is 2100100201121111 + 101?
2100100201121212
In base 9, what is 1 + 5381065?
5381066
In base 14, what is 7b + -1a830?
-1a793
In base 5, what is 10101342021430 + -2?
10101342021423
In base 13, what is -6b4 - -17a97?
173b3
In base 14, what is 193674c3 + 0?
193674c3
In base 12, what is 0 + -1a2873a5?
-1a2873a5
In base 12, what is -2 + -46a720b?
-46a7211
In base 8, what is -2116767701 - -2?
-2116767677
In base 8, what is 37735 + 5322?
45257
In base 6, what is 43012 + 224432?
311444
In base 4, what is 113021001 - -1301?
113022302
In base 12, what is -25089a7 + -5?
-25089b0
In base 14, what is -c - 10b998?
-10b9a6
In base 14, what is -88 + -91d506?
-91d590
In base 2, what is 10000111100011010 - -10000110111010?
10011000011010100
In base 9, what is -311 + 3115641?
3115330
In base 6, what is 2045 - -23511213?
23513302
In base 3, what is -22 + 222001200020?
222001122221
In base 5, what is 4 + 144344313?
144344322
In base 5, what is -2 + -401430404312?
-401430404314
In base 8, what is -26532210 + 75?
-26532113
In base 2, what is 101010 - 1010101001111100000?
-1010101001110110110
In base 13, what is 42ac4257 + 2?
42ac4259
In base 15, what is -da05e75 - -5?
-da05e70
In base 15, what is 2 + 54db66a?
54db66c
In base 9, what is 437 + 13377?
13825
In base 11, what is 765316 - 33?
765293
In base 5, what is 111 - -1101330341?
1101331002
In base 13, what is 9a98c3b - 3?
9a98c38
In base 11, what is -760971 - 1?
-760972
In base 13, what is -139887 - -b?
-139879
In base 2, what is 1011111111110011 + -100101000?
1011111011001011
In base 8, what is -1076224433 - 3?
-1076224436
In base 2, what is 100011110000110101 + 10010101?
100011110011001010
In base 5, what is 2042010344 - -10?
2042010404
In base 15, what is -dc + -a?
-e7
In base 2, what is -10010000011010 + -1010010100110?
-11100011000000
In base 11, what is -220238a5 - -2?
-220238a3
In base 5, what is -213 + -11423230?
-11423443
In base 13, what is 1c283c84c - -1?
1c283c850
In base 10, what is 5273 - 46851?
-41578
In base 2, what is -101001110101011010 + -10000111011?
-101010000110010101
In base 3, what is -220201 + -102012220122?
-102020211100
In base 15, what is -2 - -48ac13?
48ac11
In base 9, what is -200 + -1314?
-1514
In base 11, what is -1704875 + 3?
-1704872
In base 16, what is -1744 + -1c752?
-1de96
In base 7, what is -101 + -661410?
-661511
In base 8, what is 5547033 + -2?
5547031
In base 6, what is -2442312314 + -5?
-2442312323
In base 7, what is 22 + 3361421?
3361443
In base 8, what is -127010 + -6201?
-135211
In base 2, what is 10011 - -11100001011111011?
11100001100001110
In base 7, what is -12316024 - 6?
-12316033
In base 8, what is -20 + -1502705?
-1502725
In base 14, what is -32d - 1399?
-16c8
In base 7, what is -53640251 - -5?
-53640243
In base 2, what is -10001110100010010001101 + 111100?
-10001110100010001010001
In base 10, what is 41884 + 1096?
42980
In base 10, what is 16 - 40142?
-40126
In base 11, what is -121 - 12015?
-12136
In base 12, what is -22 + 1279844?
1279822
In base 12, what is -19b - -1133?
b54
In base 5, what is 14 - -120112124?
120112143
In base 13, what is 9082612 - 5?
908260a
In base 13, what is -255a4 - 15?
-255b9
In base 13, what is 18298a0 - 13?
182988a
In base 5, what is 134 + -13111111041?
-13111110402
In base 9, what is -1510 - 36445?
-38055
In base 14, what is -bca5882 - -5?
-bca587b
In base 8, what is -126256363 + -1?
-126256364
In base 5, what is -2011 + -1024303?
-1031314
In base 10, what is 874 + -8487?
-7613
In base 15, what is 1 - 3e9091?
-3e9090
In base 5, what is 23332103442 - 3?
23332103434
In base 8, what is 1 - 70713765?
-70713764
In base 15, what is -24 - -361d?
35e9
In base 4, what is -100322 - 2322310021?
-2323011003
In base 4, what is -12210022311 + 2?
-12210022303
In base 13, what is a0 - 306a8?
-30608
In base 10, what is 37 + 9283611?
9283648
In base 12, what is 113a + -122363?
-121225
In base 10, what is 299 - 59567?
-59268
In base 9, what is 1520 + 101830?
103450
In base 7, what is 543016641 + 5?
543016646
In base 9, what is 840 - 72210?
-71260
In base 5, what is 3 + -12321223132?
-12321223124
In base 16, what is 7e65c2 - -4?
7e65c6
In base 7, what is -4 + -1021122644?
-1021122651
In base 7, what is -5160 + -246?
-5436
In base 6, what is 2010201441 - -5?
2010201450
In base 3, what is -2011000201000 - -212?
-2011000200011
In base 10, what is 3 - -8700368?
8700371
In base 2, what is -11 - -10010110000100101101100?
10010110000100101101001
In base 15, what is 5 + 52dc1b?
52dc21
In base 5, what is -131324 + -344312?
-1031141
In base 5, what is -212 + 1211112000?
1211111233
In base 10, what is 3 - -7249966?
7249969
In base 3, what is -100221 - -1121120220?
1121012222
In base 3, what is 210022122222111 + -11?
210022122222100
In base 9, what is 223727 + 17?
223745
In base 11, what is -4465526 + -10?
-4465536
In base 3, what is 1220001222000201 - -10?
1220001222000211
In base 6, what is 135514123 - 122?
135514001
In base 2, what is 111101100110111000010011011010 + -100?
111101100110111000010011010110
In base 5, what is -4111 - -2421433?
2412322
In base 8, what is -330 - -203211?
202661
In base 6, what is 1433550401 - 0?
1433550401
In base 12, what is -2211baa2 - -2?
-2211baa0
In base 4, what is -11101100 - -112012?
-10323022
In base 12, what is 2 - -6713a07?
6713a09
In base 8, what is 4 - 13115636?
-13115632
In base 10, what is 108935 - 283?
108652
In base 8, what is -2 + -575765654?
-575765656
In base 3, what is 22220012022 + -111?
22220011211
In base 12, what is -788b7 + 1